(-8).
14
Suppose 24 = y - 12. Suppose 19*t - 26 = 17*t. Calculate the remainder when y is divided by t.
10
Let z = -4 + 2. Let g be (3/(-6))/(z/80). Let v = g - 0. Calculate the remainder when 58 is divided by v.
18
Let x = 75 + -47. Calculate the remainder when x is divided by 7.
0
Let c(l) = l**3 + 6*l**2 + 2*l - 2. Let u be c(-2). Let x(z) = 6*z + 4. Calculate the remainder when x(u) is divided by 17.
13
Let u = 31 - 20. What is the remainder when 32 is divided by u?
10
Let j be 105/10*(-48)/(-9). Suppose -2*p - j = -6*p. What is the remainder when p is divided by 8?
6
Let s(n) = n**2 + 2*n + 26. What is the remainder when s(-9) is divided by 18?
17
Let o = 26 - 10. Suppose k = -l - 0*k + 14, 4*k = -o. What is the remainder when l is divided by 7?
4
Suppose 2*n + 0*n = k - 20, 4*n + 5*k + 12 = 0. Let a = 12 + n. Calculate the remainder when 11 is divided by a.
3
Let u be 2/10 + (-92)/10. Let j = 20 + u. Calculate the remainder when 2*(-62)/(-4) + -1 is divided by j.
8
Let s = -74 - -145. What is the remainder when s is divided by 25?
21
Let p = 5 - 8. Calculate the remainder when -9*(-1)/(p/(-10)) is divided by 8.
6
Let x be 67 + -1 + -1 + 0. Suppose -3*r - x = -8*r. Let c(k) = k**2 + 2*k + 2. Calculate the remainder when c(-7) is divided by r.
11
Suppose -3*y + 10 = 2*a, -2*a - 2*y + 6 = 2*y. Suppose -5*q = 4*j - 113, -7*q + 3*j + 99 = -2*q. What is the remainder when q is divided by a?
10
What is the remainder when 22 is divided by -2 + (9 + -3 - -2)?
4
Suppose -4*v + 2*v - 10 = -3*x, 0 = -x - v. What is the remainder when 2*5*(-4)/(-8) is divided by x?
1
Let d(n) be the first derivative of 15*n**2/2 + 4*n + 4. Calculate the remainder when d(3) is divided by 25.
24
Let n be 8/(-10)*(-20)/2. Let i = n - 3. Suppose -6*o + o = -i. What is the remainder when 1 is divided by o?
0
Calculate the remainder when (-4)/((2/8)/((-7)/2)) is divided by 15.
11
Let z(v) = -v + 5. Let x be z(0). Suppose -2*w - 285 = -x*w. Calculate the remainder when w is divided by 24.
23
Let h be (485 - -2) + 4/(-2). Suppose 8*l - h = 3*l. Let j = -60 + l. What is the remainder when j is divided by 13?
11
Suppose 20*o - 198 = 9*o. Let h = 68 + -15. What is the remainder when h is divided by o?
17
Let f be 73 + -4 + (-2)/(-1). Suppose 0 = 4*z - f + 3. What is the remainder when 32 is divided by z?
15
Suppose 3*l - l - 60 = 0. Calculate the remainder when 119 is divided by l.
29
Suppose -4 = l - 0*l. Suppose 15*y - 25 = 10*y. Calculate the remainder when ((-8)/2)/2*l is divided by y.
3
Let c = 17 - 9. Suppose -4 = 2*w - c. Suppose 4*l - l = -4*g + 29, w*g - 4 = 2*l. What is the remainder when 8 is divided by l?
2
Suppose 0 = -3*m - o + 26, -o = -7 + 2. Calculate the remainder when m is divided by 5.
2
Let x(v) = 40*v - 2. What is the remainder when 149 is divided by x(1)?
35
Suppose 71 = 5*r + 5*p - 119, 0 = -r + 5*p + 8. What is the remainder when r is divided by 1 - 1 - (-17 + 0)?
16
Calculate the remainder when 151 is divided by 405/8 - ((-52)/(-32) - 2).
49
Let p = 63 + -60. Let x = 7 + -3. Suppose 0 = x*o + 4*r - 36, 3*o + 0*r - 27 = r. What is the remainder when o is divided by p?
0
Suppose -14*z + 3*z + 308 = 0. What is the remainder when z is divided by 16?
12
Let p = -38 - -79. What is the remainder when p is divided by (-2 - 19)*(-2)/3?
13
Suppose 5 = x - 8. What is the remainder when 24 is divided by x?
11
Suppose -2*f + 2*t + 32 = 0, 30 = 2*f - 0*t - t. What is the remainder when 111 is divided by f?
13
Let v(x) = x**3 + 6*x + 2*x**2 + 0*x**3 - 8*x**2. Let r be v(5). Suppose -3*c + c = 3*t - 30, 0 = -r*c - 15. What is the remainder when 23 is divided by t?
11
Let w(o) = 17*o**2 - 2. Calculate the remainder when w(2) is divided by 14.
10
Let f = -7 - -18. Let n = f + 0. What is the remainder when 41 is divided by n?
8
Let r be (-5)/((-25)/6)*20. Suppose -3*t = -5*t + r. Let u = t + -7. What is the remainder when 14 is divided by u?
4
Let d(i) = 89*i**2 - 2*i + 1. Let b be d(1). Suppose 3*f - b = -f. Calculate the remainder when 43 is divided by f.
21
Suppose -3*l - 12 = -7*l. What is the remainder when 3 is divided by l?
0
Let i = -219 + 230. What is the remainder when 29 is divided by i?
7
Suppose 4 = -2*q, -2*h = -6*h + 3*q + 22. What is the remainder when h is divided by 2?
0
Let o = -11 + 15. Suppose -b - 2*k + 19 = 0, -3*b + 2*k + o = -13. Suppose b = 4*g - 39. Calculate the remainder when g is divided by 5.
2
Suppose 0 = -3*l + 5 + 13. Let a = l + -4. What is the remainder when a is divided by 1?
0
Suppose -u = 3*u - 32. Suppose m - u = 8. Calculate the remainder when 47 is divided by m.
15
Let k = 17 - 39. Let s = 15 + k. Calculate the remainder when 2 is divided by (-4)/(-14) + (-5)/s.
0
Suppose 3*v + 0*v - 42 = 0. Let y(s) = 8*s**2 + 4*s + 2. What is the remainder when y(-2) is divided by v?
12
Suppose 48 = h + 3*h. Calculate the remainder when ((-68)/(-2))/((-2)/(-2)) is divided by h.
10
Suppose 0 = -4*i, -4*i + i = -2*q + 22. Let c(b) = b + 8. Let p be c(-5). Let m(w) = w**3 - 2*w**2 - 2*w + 3. What is the remainder when q is divided by m(p)?
5
Let c(q) = q**3 + 4*q**2 + q - 1. Let y be c(-3). Let b(v) = -v**3 + 4*v**2 + 6*v + 2. Calculate the remainder when b(y) is divided by 3.
1
Let u = 2 - 0. What is the remainder when 5 is divided by u?
1
Suppose 7*d = 3*d + 16. Let q = d - 3. What is the remainder when q is divided by 1?
0
Let t(m) = -9*m. Let n be (-8)/(-6)*(-6)/(-4). Let q be 3 + 2/n + -7. What is the remainder when 52 is divided by t(q)?
25
Suppose -9 = -u - 2. What is the remainder when 26 is divided by u?
5
Suppose 4*a = -4, 5*t - 7 = 2*a + 25. Suppose 129 = 7*y + 24. Calculate the remainder when y is divided by t.
3
Let n(i) = -i**3 - 8*i**2 + 7*i - 9. Let x = 38 - 14. Calculate the remainder when x is divided by n(-9).
6
Suppose -g - 2 = -0*g, i - 4*g - 13 = 0. Let b = 4 - 2. Suppose -a = -5*n + 99, 0*n - i*n + 98 = -b*a. Calculate the remainder when n is divided by 11.
9
Let w be 9/1 + (-4 - -7). Suppose 15*s = w*s + 96. What is the remainder when 93 is divided by s?
29
Let r be (3/(-5))/(5/(-25)). Suppose -11 = -4*a + 5*q, -r*a + 50 = 2*a + q. Calculate the remainder when a is divided by 4.
1
Suppose 3*x = 2*v + 52, -x + 0*x = -3*v - 15. Calculate the remainder when 35 is divided by x.
17
What is the remainder when 2/4 - (-235)/2 is divided by 30?
28
Suppose 8*s - 201 - 15 = 0. What is the remainder when s is divided by 12?
3
Suppose 0 = -4*k - 3*k - 49. Let y(o) be the third derivative of -o**5/60 - 3*o**4/8 + o**3/6 - o**2. What is the remainder when y(k) is divided by 9?
6
Let n = 4 + 1. Suppose s = -2*b + n + 6, 2*s = -2*b + 8. Calculate the remainder when b is divided by 2.
1
Let y = -62 - -41. Let v = -12 - y. Calculate the remainder when v is divided by 1/(-3) + 16/3.
4
Calculate the remainder when 12 is divided by (3 - 1)/(4/10 + 0).
2
Suppose -2*s = 3*s - 5, -29 = -4*h - 5*s. Let r = h + -6. Suppose r = f + 2*f - 27. Calculate the remainder when 25 is divided by f.
7
Let i = 9 - 6. Suppose 9*c = 26 + 19. What is the remainder when c is divided by i?
2
Let b(j) = -j - 3. Let d be b(-5). Suppose d*i = i + 21. What is the remainder when i is divided by 1/2 - (-63)/6?
10
Suppose 6 = 3*c, -j - c + 10 = 3*c. Suppose j*a - 4*a - 4*y + 28 = 0, -4*a + 4*y = 4. Let d(l) = 4*l - 1. What is the remainder when a is divided by d(1)?
1
Let z(p) be the third derivative of p**4/2 + p**3/6 - p**2. Let k = 45 + -36. Calculate the remainder when z(2) is divided by k.
7
Suppose 4*b = -5*l + 615, 4*l + b - 3*b = 518. Let y = -89 + l. Calculate the remainder when y is divided by 13.
12
Suppose -179 + 23 = -4*c. Let h(u) = -2*u + 24. Let g be h(0). Let i = c - g. Calculate the remainder when 28 is divided by i.
13
Let v = 13 - -19. What is the remainder when 63 is divided by v?
31
Suppose 37 = 4*m - 3. Suppose 2*x = 3 + 33. What is the remainder when x is divided by m?
8
Let j = 11 - 6. Let q = 40 + -28. Calculate the remainder when ((-88)/10)/((-2)/j) is divided by q.
10
Suppose 0*o + 3 = 3*o. Calculate the remainder when 1/((-3)/(-138)) + o is divided by 12.
11
Let j(d) = d**2 - 5*d + 8. Let q = 55 + -32. Calculate the remainder when j(9) is divided by q.
21
Let t = 54 + -31. What is the remainder when 87 is divided by t?
18
Suppose 4*d = -2*i